{"id":604,"date":"2015-01-16T16:43:35","date_gmt":"2015-01-16T15:43:35","guid":{"rendered":"https:\/\/www.difomax.com\/dm\/?page_id=604"},"modified":"2023-07-09T14:31:49","modified_gmt":"2023-07-09T13:31:49","slug":"home-2-2","status":"publish","type":"page","link":"https:\/\/www.difomax.com\/","title":{"rendered":"\u00dcber mich"},"content":{"rendered":"\n<p><strong>Reise in eine andere Welt &#8211;&nbsp;<\/strong>so k\u00f6nnte man &nbsp;sehr viele Tauchg\u00e4nge beschreiben, die ich in den letzten 18 Jahren gemacht habe. Egal ob das Rote Meer, der Atlantik, die Ostsee, Bergseen in \u00d6sterreich oder der Kreidesee in Hemmoor: jeder Tauchgang bringt neue Erfahrungen mit sich.<\/p>\n\n\n\n<figure class=\"wp-block-image alignnone wp-image-1989 size-full\"><img loading=\"lazy\" decoding=\"async\" width=\"1200\" height=\"800\" src=\"https:\/\/www.difomax.com\/dm\/wp-content\/uploads\/2020\/09\/Home_neu.jpg\" alt=\"\" class=\"wp-image-1989\" srcset=\"https:\/\/www.difomax.com\/dm\/wp-content\/uploads\/2020\/09\/Home_neu.jpg 1200w, https:\/\/www.difomax.com\/dm\/wp-content\/uploads\/2020\/09\/Home_neu-450x300.jpg 450w, https:\/\/www.difomax.com\/dm\/wp-content\/uploads\/2020\/09\/Home_neu-1024x683.jpg 1024w, https:\/\/www.difomax.com\/dm\/wp-content\/uploads\/2020\/09\/Home_neu-768x512.jpg 768w\" sizes=\"auto, (max-width: 1200px) 100vw, 1200px\" \/><figcaption class=\"wp-element-caption\">Foto: Sean Romanowski<\/figcaption><\/figure>\n\n\n\n<p>Mein Name ist Jens-Uwe Lamm und ich tauche seit dem Jahr 2003.&nbsp;Mein &#8222;Haussee&#8220; ist der Kreidesee in Hemmoor. Obwohl knapp 2 Stunden Autofahrt entfernt, habe ich die meisten Tauchg\u00e4nge bisher dort absolviert &#8211; auch weil mich der See immer wieder aufs Neue fasziniert.<\/p>\n\n\n\n<p>Nach einigen Jahren des Sporttauchens und Erlangen verschiedener&nbsp;Brevets hatte ich mich 2009 dem technischen Tauchen zugewendet. Der Anreiz, seine pers\u00f6nlichen Grenzen zu erh\u00f6hen, um insbesondere tiefere Tauchziele ansteuern zu k\u00f6nnen, war einer der Gr\u00fcnde f\u00fcr eine weiterf\u00fchrende Ausbildung in diesem Bereich.<\/p>\n\n\n\n<figure class=\"wp-block-image alignnone size-full wp-image-1992\"><img loading=\"lazy\" decoding=\"async\" width=\"1200\" height=\"800\" src=\"https:\/\/www.difomax.com\/dm\/wp-content\/uploads\/2020\/09\/Home_neu1.jpg\" alt=\"\" class=\"wp-image-1992\" srcset=\"https:\/\/www.difomax.com\/dm\/wp-content\/uploads\/2020\/09\/Home_neu1.jpg 1200w, https:\/\/www.difomax.com\/dm\/wp-content\/uploads\/2020\/09\/Home_neu1-450x300.jpg 450w, https:\/\/www.difomax.com\/dm\/wp-content\/uploads\/2020\/09\/Home_neu1-1024x683.jpg 1024w, https:\/\/www.difomax.com\/dm\/wp-content\/uploads\/2020\/09\/Home_neu1-768x512.jpg 768w\" sizes=\"auto, (max-width: 1200px) 100vw, 1200px\" \/><figcaption class=\"wp-element-caption\">Foto: Sean Romanowski<\/figcaption><\/figure>\n\n\n\n<p>In den &nbsp;Blog-Beitr\u00e4gen habe ich meine bisherigen Erfahrungen festgehalten und dokumentiert.&nbsp;Ich w\u00fcnsche euch viel Spa\u00df beim St\u00f6bern und bin \u00fcber konstruktive Anregungen und Hinweise dankbar.<\/p>\n","protected":false},"excerpt":{"rendered":"<p>Reise in eine andere Welt &#8211;&nbsp;so k\u00f6nnte man &nbsp;sehr viele Tauchg\u00e4nge beschreiben, die ich in den letzten 18 Jahren gemacht<\/p>\n","protected":false},"author":2,"featured_media":0,"parent":0,"menu_order":0,"comment_status":"closed","ping_status":"closed","template":"","meta":{"colormag_page_container_layout":"default_layout","colormag_page_sidebar_layout":"default_layout","footnotes":""},"class_list":["post-604","page","type-page","status-publish","hentry"],"_links":{"self":[{"href":"https:\/\/www.difomax.com\/index.php?rest_route=\/wp\/v2\/pages\/604","targetHints":{"allow":["GET"]}}],"collection":[{"href":"https:\/\/www.difomax.com\/index.php?rest_route=\/wp\/v2\/pages"}],"about":[{"href":"https:\/\/www.difomax.com\/index.php?rest_route=\/wp\/v2\/types\/page"}],"author":[{"embeddable":true,"href":"https:\/\/www.difomax.com\/index.php?rest_route=\/wp\/v2\/users\/2"}],"replies":[{"embeddable":true,"href":"https:\/\/www.difomax.com\/index.php?rest_route=%2Fwp%2Fv2%2Fcomments&post=604"}],"version-history":[{"count":38,"href":"https:\/\/www.difomax.com\/index.php?rest_route=\/wp\/v2\/pages\/604\/revisions"}],"predecessor-version":[{"id":2215,"href":"https:\/\/www.difomax.com\/index.php?rest_route=\/wp\/v2\/pages\/604\/revisions\/2215"}],"wp:attachment":[{"href":"https:\/\/www.difomax.com\/index.php?rest_route=%2Fwp%2Fv2%2Fmedia&parent=604"}],"curies":[{"name":"wp","href":"https:\/\/api.w.org\/{rel}","templated":true}]}}